2 - 18*u**2. What is l(6)?
-9
Suppose -4*t + 9 = w, -3*t - w + 2*w + 12 = 0. Let o(d) = -2*d**2 + 0*d**3 + 3 - 6 + 5*d**2 + d**t. What is o(-3)?
-3
Let u(y) = 5 - y + 2*y + 0*y. Let d = -13 + 9. What is u(d)?
1
Let g(f) = -f**3 - f**2 + f - 4. Let q = -8 + 8. Give g(q).
-4
Let w(s) be the third derivative of -5/6*s**3 + 0*s - 1/24*s**4 + 1/60*s**5 + 0 - 2*s**2. Let n(p) = -p**3 + 5*p**2 + 6*p. Let r be n(6). What is w(r)?
-5
Let s(w) = -2*w. Suppose 11*q - 53 = 2. Determine s(q).
-10
Let n(g) = -g + 6. Let o(q) = -q - 1. Let h be o(-3). Suppose h*w - 3*s + 22 = s, -3 = -s. Let v be (-8)/20 + (-2)/w. Calculate n(v).
6
Let a(n) = n**2 - n + 1. Let s(b) = -6*b**2 + 15*b - 13. Let q(p) = 5*a(p) + s(p). Determine q(7).
13
Suppose 7*p - 3*p = 4. Let j(k) = 0 + 6*k + 3 - 5*k - p. What is j(-1)?
1
Let f = -18 + 2. Let v = f + 24. Let i(c) = -c**2 + 8*c - 5. Let a be i(v). Let m(t) = -t**2 - 5*t + 1. Determine m(a).
1
Let a(f) = -f**2 - 3*f - 2. Let r be a(-2). Let c(x) be the second derivative of -x**5/20 + x**4/12 + x**3/6 - 7*x**2/2 - 3*x. Give c(r).
-7
Let n(r) = -124 - r**3 + 7*r**2 + 62 + 65. Give n(7).
3
Suppose 5*i - 19 = -9. Let d(h) = 6*h**2 - 8*h + 9. Let v(m) = 3*m**2 - 4*m + 5. Let w(x) = -3*d(x) + 5*v(x). Give w(i).
-6
Let f(v) = -v. Let n be (-10)/(-15)*(0 - -12). Suppose k + 11 = 5*m, 0 = -k - 0*m + 2*m - n. Let p(u) = 4*u + 1. Let y(s) = k*f(s) - p(s). Determine y(1).
1
Suppose -4*q + 2*q = -6. Let d(s) = 2 - s - q - s + 2. Let n = 0 + -3. Calculate d(n).
7
Let l = 62 + -59. Let n(c) be the first derivative of -c**3/3 + c**2 + 1. Give n(l).
-3
Let k(n) be the second derivative of -4*n**3/3 + 3*n**2/2 + 19*n. Determine k(2).
-13
Let q(d) = -d**3 - 9*d**2 + 11*d + 13. Let m be q(-10). Let u(z) = -1 + m*z + 2*z - 12*z. Give u(-1).
6
Let a(b) be the second derivative of -b**5/60 + b**3/6 - 2*b. Let t(o) be the second derivative of a(o). Give t(1).
-2
Let w(i) be the third derivative of 7*i**2 - 5/24*i**4 + 1/60*i**5 - 2/3*i**3 + 0*i + 0. Calculate w(5).
-4
Let w(u) = u - 2. Let m be w(3). Let y(t) be the third derivative of -1/15*t**6 + 1/6*t**3 - 1/24*t**4 - 1/60*t**5 + 0*t + 0 - 3*t**2. Determine y(m).
-9
Let y(g) = g + 2. Suppose 0 = 2*q + 2 - 12. Suppose 0 = 5*v + 3*s - 5 - q, 0 = -4*v + s + 8. Suppose -4*n + 22 = 5*k, v = k - 0*k + 2*n. Give y(k).
8
Let w(z) = -10*z - 1. Suppose -5*k = u - 0*u - 4, -5*u - 1 = 4*k. Give w(k).
-11
Let v = 11 + -8. Let s(p) = 3*p - 6. Let r(a) = 5*a - 9. Let i(n) = -5*r(n) + 8*s(n). Determine i(v).
-6
Suppose -4*r = -q + 3*q, -3*r - 3*q = 0. Let s be (-1 - r)/((-2)/14). Let y(a) = 3*a + a - s*a. Give y(1).
-3
Let v(h) be the second derivative of -3*h**2 - 1/12*h**4 + h + 0 - 7/6*h**3. Suppose -2*z + z - 4 = 0. Calculate v(z).
6
Suppose 0 = -5*w + 5 - 0. Let s be (-5)/(-4) - w/4. Suppose 0 = -p - s. Let x(v) = 3*v**2. Calculate x(p).
3
Suppose 13*n = 10*n - 9. Suppose p + 3*p - 3*v - 8 = 0, 0 = p - 2*v - 2. Let z(w) = -5 + p*w + 5 - 2. Determine z(n).
-8
Let r(l) = 2*l**3 - 3*l**2. Let u be r(2). Let m(d) = -d. Give m(u).
-4
Let y(v) = v**2 + 6*v - 3. Suppose 3*c = 3*n - 4*n - 15, -10 = 2*c - 3*n. What is y(c)?
-8
Let n(t) = t + 4. Let l be n(-2). Suppose 3*g + 4 = -2*o, 0 = g + 3*o + l - 3. Let c(w) be the second derivative of -w**3/3 - 3*w**2/2 - 2*w. Determine c(g).
1
Let d(u) be the first derivative of -u**3/3 - 3*u**2 - 2*u - 38. Calculate d(-3).
7
Let o(s) = -10 + 6*s**2 - 3*s**2 + s**2 - 3*s**2. Determine o(0).
-10
Let i(z) be the second derivative of z**5/20 + 2*z**4/3 + 4*z**3/3 - z**2/2 - 4*z. What is i(-7)?
-8
Let j(g) be the second derivative of g**4/12 + g**3/6 + g**2/2 - 4*g. Suppose 0 = -5*m + 16 + 4. Let r be (-2)/2 - 8/m. Calculate j(r).
7
Let m(p) = -2*p**2. Suppose o - 4 = 2*a + 2, 3*a + 10 = 2*o. Determine m(o).
-8
Let o be 22/(-6) - (-4)/6. Let v = 3 - 1. Let g(p) = -2*p**2 - p - 2*p**2 + 3*p**2 - p**v + 2. Give g(o).
-13
Let y(o) be the first derivative of -o**6/24 - o**5/60 + o**4/24 - o**3/6 - 3*o**2/2 - 2. Let i(q) be the second derivative of y(q). Determine i(1).
-6
Let y(s) be the second derivative of -s**4/12 - s**3 + 2*s**2 + 11*s. Give y(-7).
-3
Let u = -10 - -15. Let c(o) = 2*o. Determine c(u).
10
Let a be (-5)/(-4 - 0 - -5). Suppose -4*w - w = -10. Let r(z) = -3*z - w + 3 + 5*z. Give r(a).
-9
Let z(f) = 2*f + 0*f - 1 + f - 4*f. Let i be z(-2). Let s(l) = -3*l + 1. Calculate s(i).
-2
Suppose 2*l - 10 = 3*a + 4, -4*l + 20 = -4*a. Suppose g + 2 = w - g, 2*w + 2*g - 4 = 0. Let d(p) = 2 - 2*p + l - w*p**3 + 3*p**3. What is d(2)?
7
Let o(b) be the third derivative of -b**9/60480 + b**7/5040 - b**6/180 - b**5/60 - 5*b**2. Let n(v) be the third derivative of o(v). What is n(0)?
-4
Let l(j) be the third derivative of -2*j**2 + 2/3*j**3 + 0 - 1/24*j**4 + 0*j. Let d be l(5). Let b(f) = 5*f**3 + f**2 - f - 1. What is b(d)?
-4
Let s(u) be the third derivative of -u**6/120 - u**5/60 + u**4/24 - 3*u**3/2 - 2*u**2. Determine s(0).
-9
Let a(c) be the second derivative of 0 - 5/2*c**2 - 1/3*c**3 - c. What is a(-4)?
3
Let s(g) = 4*g**2 + 4*g - 1. Let z(f) = f**2. Let j(b) = -s(b) + 5*z(b). Let n(y) = 4*y**2 - 15*y + 4. Let a(x) = -9*j(x) + 2*n(x). Determine a(6).
-1
Let z be 7 + -7 + (6 - 0). Let g(o) = -o**2 + 6*o. Determine g(z).
0
Let v be (-1)/(-2)*0/1. Let m(k) = -k**3 + k**2. Let c be m(-1). Let y(n) = -3*n**2 + 4 - n + 1 + c*n**2 + n**3. What is y(v)?
5
Suppose 0 = -4*n - 5*t + 45, -4*n - 3*t + 8*t = 5. Suppose -n*y = 3 - 8. Let d(h) = 0*h**2 - 3 + h**2 + 2 - 4*h**2. What is d(y)?
-4
Let t(c) = -c**2 + 3*c - 3. Let i be (-12)/(0/(-1) + 1). Let j be (1 + -5)*9/i. Determine t(j).
-3
Let m(s) be the third derivative of s**6/24 - s**5/60 - s**4/24 + s**3/6 + 11*s**2. Determine m(1).
4
Let w be (-2)/(-4)*(-5 + 5). Let a(x) = -x**2 - x - 5. Let l be a(w). Let c(r) = -r**3 - 6*r**2 - 6*r - 6. What is c(l)?
-1
Let y(d) = 2*d - 1. Let m be y(2). Suppose -t = -0*t - m*o - 1, o + 27 = -5*t. Let s(h) = -h**3 - 4*h**2 + 5*h - 4. What is s(t)?
-4
Let h = -62 + 59. Let z(c) = 2*c**2 + 2*c - 6. What is z(h)?
6
Let q(x) be the second derivative of -x**5/20 + x**4/2 - 4*x**3/3 + 7*x**2/2 + 2*x. Give q(5).
-8
Let a = 2 - 1. Let z = a - -2. Let m(t) be the first derivative of -t**4/4 + 4*t**3/3 - 2*t**2 + 4*t + 2. Determine m(z).
1
Let t(i) be the first derivative of -i**4/4 - 2*i**3/3 + i**2/2 - i + 12. What is t(-2)?
-3
Let i(f) be the second derivative of -5*f**4/4 + 16*f. Give i(-1).
-15
Let w(f) = -f**3 + 8*f**2 - 7*f + 4. Let i be (0 - 1) + 42/6. Suppose i*u = u + 35. Calculate w(u).
4
Suppose 0 = -3*k - 31 + 175. Let h(c) = -k + 7*c + 48 - c**2. Calculate h(6).
6
Let d = -14 - -32. Let k = -13 + d. Let a(n) = 5*n**2 - 3*n**2 - 1 - n**2 + k*n + 0. What is a(-5)?
-1
Let x(u) = 2*u. Let g = 30 - 28. Give x(g).
4
Let w(u) = -4*u**2 + 14 + 8 - 18 + 7*u - 2*u**3 + u**3. What is w(-5)?
-6
Suppose 3*s = g + g + 17, -2*g + 4 = 4*s. Let l = 10 - 6. Suppose -3*n = 2*w, -l*n + n = w + s. Let j(z) = 2*z**2 + z - 2. Give j(n).
4
Let j(h) = -h**3 - 2*h**2 + 5*h + 5. Let g(n) = -n**2 + 1. Let y(f) = 2*g(f) + j(f). What is y(-5)?
7
Let i be 45/(-2)*10/(-15). Let b be (-8)/20*-1*i. Let c be (-6)/(-4)*b/(-9). Let m(r) = -3*r**3 - r**2 + r + 1. Give m(c).
2
Let c = -83 + 86. Let x(g) be the first derivative of g**c + 3/2*g**2 - 1/4*g**4 + 5*g - 3. Determine x(4).
1
Let h(m) = m**2 + m + 9. Let a be 1/5 - (-2)/(-10). What is h(a)?
9
Suppose 0*o = 3*o. Let y(g) = -2*g + 3 + o - 5. Give y(-5).
8
Let c = 23 - 27. Let t(j) = -j**3 - 3*j**2 + 3*j + 3. Determine t(c).
7
Let k(m) = 2*m**2 - 5*m**2 + m**3 - 4*m**2 - 7. Suppose -4*q - 3*l = -0*l - 31, -3*q - 5*l = -26. Determine k(q).
-7
Let b = 144 + -143. Let o(d) = -19*d**3 - d + 1. Calculate o(b).
-19
Let m = -4 - -9. Suppose -m*h - 2*j + 14 = 0, 4*h - 4*j = -h + 2. Let r(z) = 56 - 3*z**2 + 2*z**2 + z**3 + z - 55. Calculate r(h).
7
Suppose 3*n = 5*b + 5 - 20, n + 5*b = 15. Suppose n = -2*f - f + 6. Let t(a) = -a**3 + a**2. Give t(f).
-4
Suppose -o + 11 = 9. Let x(q) be the first derivative of 2/3*q**3 - q + o - 2*q**2. Determine x(3).
5
Let q(w) be the third derivative of w**5/15 + 4*w**2. Suppose -a + 15 = -6*a. Let f = -2 - a. What is q(f)?
4
Let d(v) = -v - 1. Suppose -t = -u + 6 - 1, 2*t - 5*u = -19. Let h be (4 + -1)*t/6. Let c be d(h). Let r(s) = s**2 - s + 8. Ca